Suppose -5*a = -l - 63. What is the tens digit of a?
1
Suppose 2*c = -0*c + 28. Let g(m) = 2*m + 4. Let h be g(-6). Let v = h + c. What is the units digit of v?
6
Let q(s) = 3*s - 9. Let c = -18 - -26. What is the units digit of q(c)?
5
Suppose 3*f + 6*w - w = 686, -f + w = -234. What is the hundreds digit of f?
2
Let r(v) = -v**2 + 6*v - 9. Let w be r(7). Let q = 9 + w. Let h = -4 - q. What is the units digit of h?
3
Let q = -280 - -417. What is the hundreds digit of q?
1
Let o be 3/(-1 - (-7)/6). What is the units digit of 4/o + (-122)/(-18)?
7
Let u(q) = -q**3 - 2*q**2 - 3*q - 3. Let f be u(-2). Suppose 5*m = -5*l + 3*m + 5, 2*l + 9 = -f*m. What is the units digit of l?
3
Let h = -9 + 8. Let v be (5 - h) + 18/(-6). Suppose -v*c + 2*c = -21. What is the units digit of c?
1
Let j be 6/(-24) + (-54)/8. Let k = 21 + j. What is the units digit of k?
4
Suppose -a - 4 = -3*n, -2*n + 48 = 2*a + 3*a. Let c(b) = -b**3 + 9*b**2 - b - 7. What is the units digit of c(a)?
9
Suppose 3*m + 2*i = 11, -m + 4*i - 3 = -2. Suppose 0 = m*b - 6 + 3. Let h = 15 - b. What is the tens digit of h?
1
Let g(n) = 11*n**2 + n - 3. Let v(u) = -u**2 + 6*u - 6. Let j be v(4). What is the units digit of g(j)?
3
Suppose -15*l + 777 = -8*l. What is the tens digit of l?
1
Let j be 4/(-18) - (-274)/18. Suppose -j = 5*d, 5*n + d = 6 + 11. Suppose -4*s = -5*v + 17, -3*s + 3*v + n = 13. What is the units digit of s?
2
Let i be -2 + (-2)/((-6)/15). Suppose -5*t - 24 = -i*o - 3*t, -5*o + 40 = t. Let z = 20 - o. What is the units digit of z?
2
What is the units digit of (-2)/(((-8)/7)/4)?
7
Let c = 24 - 19. Suppose -c*t = -92 - 83. What is the tens digit of t?
3
Suppose r = -4*y - 3*r + 100, 5*y + 3*r - 129 = 0. What is the units digit of y?
7
Let t(f) = -f**2 + 4*f + 10. Let x be t(7). Let c be 1 + (-2 - (x - 1)). Suppose -4*a - 5*d + 17 = 0, -2*d + c = -0*a + 3*a. What is the units digit of a?
3
Let d = 6 - 5. Let o be d*(-2 - (-4 - -2)). Suppose 4*f + 26 = 2*a - o*f, 0 = a - 3*f - 16. What is the units digit of a?
7
Let r(u) = -u**2 + u + 4. Let x be r(0). Let k = 26 - 17. Suppose 15 = x*a - k. What is the units digit of a?
6
Let c(m) = -6*m - 1. Let o be c(-3). Suppose 5*d = 5*v - 55, 3*v = -2*d + 3*d + o. Let u = 19 + d. What is the tens digit of u?
1
Suppose -3*s + 4*q - 5 = -2*s, 2*s = -q - 28. Let r = -5 - s. What is the units digit of r?
8
Let x(j) be the second derivative of -j**3/3 + 5*j**2/2 + j. Let f(y) = -y**2 - 4*y + 27. Let p be f(-8). What is the tens digit of x(p)?
1
Let q(s) = 5*s**2 + 7*s - 2. Let r be q(-5). Suppose -2*j = 2*j - r. What is the tens digit of j?
2
Let w(l) = l**3 - 4*l**2 + 2*l + 6. What is the units digit of w(5)?
1
Let k(z) = -z**3 - 9*z**2 - 12*z + 29. What is the tens digit of k(-10)?
4
Suppose -462 = -2*i + 2*w, 3*w = -4*i + 419 + 533. What is the tens digit of i?
3
Suppose i = -17 - 3. What is the units digit of (i/(-8))/(1/12)?
0
Let o = -7 + 7. Suppose -4*q + 4*j = -q - 4, 3*j + 3 = o. Suppose 5*c = -q*c + 25. What is the units digit of c?
5
Let l = -15 - -40. What is the tens digit of l?
2
Let o(n) = n + 1. Let f(g) = -g**2 + 3*g - 15. Let u(x) = -f(x) - 6*o(x). What is the units digit of u(9)?
9
Let g = 3 + 24. What is the units digit of g?
7
Let u = -17 - -18. What is the tens digit of (7/u - -2) + 3?
1
Let j be -8 - (4 + -2 + -3). Let u = j + 12. Suppose -5*p - 4*w + 60 = 0, -p + 14 = -u*w + 2. What is the tens digit of p?
1
Let z = 1 + 17. Suppose -5*i + 2 + z = 0. What is the units digit of i?
4
Let k(v) = v**2 + 9*v + 8. Let q be k(-6). Let i = 26 + q. What is the tens digit of i?
1
Suppose 46*v - 55*v + 3465 = 0. What is the tens digit of v?
8
Suppose 3*x = 4*y - 44, y + 1 - 13 = x. Let d = 109 - 69. Suppose -4*l - y + d = 0. What is the units digit of l?
8
Suppose 0 = 5*t - 4*x - 0 + 2, 4*x - 22 = -5*t. Let b be 1 + t - -1*2. Suppose b*w - w - 48 = 0. What is the units digit of w?
2
Let i = -68 + 100. What is the tens digit of i?
3
Suppose 2*c + 0*x - 13 = 5*x, x = 2*c - 1. Let k(i) be the third derivative of 3*i**5/10 - i**3/6 + 5*i**2. What is the units digit of k(c)?
7
Let q = 159 + -95. Suppose 54 = 4*k - 4*j + 2*j, -q = -5*k - j. What is the tens digit of k?
1
Suppose 0 = -2*j + j - 8. Let t = j + 22. Let r = t + -7. What is the units digit of r?
7
Suppose 8*c = 7*c + 87. What is the tens digit of c?
8
Let h(b) = -5*b**3 - 2*b**2 + b - 1. What is the units digit of h(-2)?
9
Let x = 18 + -14. What is the units digit of x?
4
Suppose 4*n - 4*h = -164, h = -5*n - 0*n - 175. Let x be ((-27)/n)/((-1)/(-4)). Suppose o = 7 - x. What is the units digit of o?
4
Let b(d) = d**2 + 6*d + 10. What is the tens digit of b(-8)?
2
Suppose 38 = g - 7. What is the tens digit of g?
4
Let u(c) = 0*c**2 - 3 - 2*c**2 + c**2 + 0 + 9*c. What is the units digit of u(7)?
1
Let k be (-34)/1*(-6 - -4). Suppose -k = -3*c - 2*o + o, 5*o - 98 = -4*c. What is the units digit of c?
2
Suppose 0 = 3*z + 1 - 10, 5*d = 5*z - 10. Suppose b - d - 2 = 0. Suppose -2*i + b = 1. What is the units digit of i?
1
Let h(n) = 2*n**2 - n**2 - 7*n**3 - n**2 + 1 + 2*n. What is the units digit of h(-1)?
6
Suppose -60 = -2*n + 26. What is the units digit of n?
3
Let t(y) = -y**2 + 5*y + 3. Let v be t(5). Suppose 18 = 2*h + 4*f, -v = 3*h - 4*f - 0. Let x = 5 - h. What is the units digit of x?
2
Suppose 2*s = s + 1. Suppose -1 = -o + s. What is the units digit of o?
2
Let s be -17 + 1 + (1 - 1). Let w = s - -24. What is the units digit of w?
8
Suppose i + 2*b = -0*b + 307, 4*i = -b + 1214. What is the tens digit of i?
0
Suppose 51 = -2*y + 23. Let f = y + 22. What is the units digit of f?
8
Let o = -6 - -4. Let l = 1 + o. What is the units digit of (14/8)/(l/(-4))?
7
Let w be 4/2 + 12/3. Suppose 2*a - 5*l + w = -a, -4*l = -5*a + 3. Suppose -5*h - 3 = -2*z, -a*z = 2*z - 4*h - 33. What is the units digit of z?
9
Let u(q) = q**3 + 8*q**2 - 9*q + 11. Let l be (-3)/(-4) + 6/(-8). Suppose 9 = -n - l*n. What is the units digit of u(n)?
1
Suppose 68 = 5*b + 13. Suppose 4*v - b = -s + 25, -v + 5 = 0. What is the tens digit of s?
1
Suppose -x + 5 = j, -2*j - 5*x + 8 + 11 = 0. Suppose 35 = j*t + 3*t. Suppose -3*r + 25 = t*d - 2*d, 4*d + 2*r = 22. What is the units digit of d?
8
Let k = 33 - 21. Suppose 0 = 5*w - 20 - 15. Let u = k - w. What is the units digit of u?
5
What is the units digit of ((-68)/12*-3)/1?
7
What is the tens digit of 1 + (17 - (1 - 2))?
1
Let s be (-1 + 0)/(2/(-8)). Suppose -2*u = s*f - 0*u - 26, -3*f = 5*u - 23. Suppose 3*l + f = 6*l. What is the units digit of l?
2
Suppose 16*x + 1 = 17*x. What is the units digit of (x/(-4))/(1/(-148))?
7
Let b = 32 - -141. What is the units digit of b?
3
Let y(r) = 2*r**2 + 4*r - 17. What is the tens digit of y(6)?
7
Suppose 4*q = -v + 121, q + 2*v - 7*v - 46 = 0. Let z = q - 9. What is the units digit of z?
2
Suppose c + 2*z = 59, 2*c = -2*z + 5*z + 118. Suppose -16 = -3*r + c. Suppose 5*o - 25 = 0, 4*o - r - 3 = -2*n. What is the units digit of n?
4
Suppose -20*a - 20 = -21*a. What is the tens digit of a?
2
Let y(f) = -6*f - 5. Let j = 11 + -9. Suppose -4*i = -j*g + 20, g - 5 = -3. What is the units digit of y(i)?
9
Suppose -1414 = -17*b + 3*b. What is the units digit of b?
1
Suppose -4 = 2*x - 10. Suppose x*u = 93 + 6. What is the tens digit of u?
3
Let u(x) = 2*x**3 - 7*x**2 + 4*x + 3. Let v be ((-4)/3)/((-3)/9). Let h be u(v). Suppose 4*a - h = -a. What is the units digit of a?
7
Let r = 4 - 14. Let l = r - -14. Suppose -h = -5*f - 3, -l*f + f - 37 = -5*h. What is the units digit of h?
8
Let h(a) = a**2 + 6*a + 5. Let j be h(-9). Let y = j - 25. What is the units digit of y?
7
What is the units digit of 6*(-3)/6 + (64 - -2)?
3
Let r(q) = -2*q + 12 - 3*q + 4*q. What is the tens digit of r(-7)?
1
Let b = -3 + 5. Suppose b*o + 25 = 5*c - 0, -4*c + 20 = -o. Suppose 4*x - c*x = -15. What is the tens digit of x?
1
Suppose -5*l + 781 = -k, 5*l - 723 - 55 = -2*k. What is the hundreds digit of l?
1
Suppose -2*f + 412 = 5*z, 217 = f - 6*z + 3*z. What is the tens digit of f?
1
Let c(w) be the first derivative of w**2/2 + 3*w + 3. Let v be c(8). Let i = v - 4. What is the units digit of i?
7
Suppose -9*o = -5*o - 40. Suppose 4*x = s - 3 - o, 4*s - 12 = -4*x. What is the units digit of s?
5
Let j = -91 - -184. What is the units digit of j?